 remainder when s is divided by 10.
9
Suppose -j + 10 = -2*d, 2*d + 51 = -5*j + 17. Let p(f) = 2*f**2 + 5*f - 16. Calculate the remainder when p(d) is divided by 10.
7
Suppose 5*k - 766 = m, 3*m - 150 = 9*k - 10*k. Calculate the remainder when k is divided by 26.
23
Suppose -4*j = 5*t - 102, -2*t + 0*j = -3*j - 27. Calculate the remainder when 119 is divided by t.
11
Suppose b - 22 = -18. Suppose 0 = -0*h + b*h - 40. What is the remainder when 1/5 + 278/h is divided by 8?
4
Let b be (1 - 2)*(-28)/(-4). Let y = b + -1. Let x(d) = d**2 + 5*d - 9. Calculate the remainder when 43 is divided by x(y).
13
Suppose -2*w - w + 39 = 0. Let k(z) = z**3 + 9*z**2 - 5*z + 10. Let n be k(-10). Calculate the remainder when ((-180)/(-25))/((-6)/n) is divided by w.
9
Suppose -2*o + 6*o - 124 = 0. Let m = -26 + o. Calculate the remainder when m is divided by 3.
2
Let z be 3/(-15) + (-14)/5. Let o = 3 - z. What is the remainder when (-4 - 7/(-3))/(15/(-117)) is divided by o?
1
Suppose -q - 30 = -5*d, -d + 5*q + 4 + 2 = 0. What is the remainder when 1/4 - 770/(-56) is divided by d?
2
Let k = -18 + 20. Suppose -k*f = 3*f - 20. Calculate the remainder when 11 is divided by f.
3
Let w = 1291 - 650. Calculate the remainder when w is divided by 23.
20
Suppose 5*w + 5*q - 3331 = 6109, 3772 = 2*w - 2*q. Calculate the remainder when w is divided by 32.
31
Let j(m) = 205*m - 6. Let h(p) = 137*p - 4. Let c(s) = -7*h(s) + 5*j(s). Calculate the remainder when c(3) is divided by 66.
64
Suppose -71 = -2*y - 337. Let x = 145 + y. What is the remainder when 57 is divided by x?
9
Let p(x) = 6*x + 1. Let l be ((-4)/(-10))/((-4)/(-830)). Suppose -2*y + a + 3*a = -58, -3*y + 4*a = -l. Calculate the remainder when y is divided by p(2).
12
Let k = 154 + -155. Let j = k + 6. What is the remainder when 10 is divided by j?
0
Let p(d) = 15*d**2 - 4*d + 2. What is the remainder when p(1) is divided by 5?
3
Let d = 1 + 2. Let v be ((-2)/(-4))/(6 + 5201/(-868)). Let r = d + v. Calculate the remainder when r is divided by 17.
14
Let m(a) = -2*a - 21. Let g be m(-7). Let n be 2/g - (-1040)/112. Calculate the remainder when 58 is divided by (-12)/n*(-2 - 10).
10
Let h(i) = 23*i - 3. Let y be h(1). Suppose 0*s - 4 = s - 5*k, -5*s - 4*k = y. What is the remainder when 85 is divided by 26 + ((-1)/1 - s)?
27
Let y(c) = -2*c**3 - 4*c**2 + 7*c - 1. Let b be y(-4). Suppose k - b = -3*x, 6*x - 2*k - 51 = x. What is the remainder when 21 is divided by x?
10
Let w(v) = 8*v + 2. Let u be w(-1). Calculate the remainder when 68 is divided by (-2)/6*9/u*20.
8
Let k = -335 - -509. Suppose 0 = -3*u - 5*q + k, 4*q - q - 290 = -5*u. Suppose -75 = -t - 4*t. What is the remainder when u is divided by t?
13
Let b(m) = -m**2 + 16*m + 19. Let i be b(15). Calculate the remainder when 134 is divided by -1*i*(-6 + 4 + 1).
32
Let w(p) = -p**3 - 13*p**2 - 16*p - 3. Let t(l) = 2*l**2 + 36*l - 12. Let i be t(-18). What is the remainder when w(i) is divided by 16?
13
Suppose 436 = 2*v - 2*b, -5*v + 6*b - 3*b + 1100 = 0. What is the remainder when v is divided by 75?
73
Calculate the remainder when 746 is divided by (-1)/((-3 + 3848/1284)*3).
104
Let g = 796 - 414. Calculate the remainder when g is divided by 56.
46
Let w(u) = -7*u**3 - 8*u**2 - 10*u + 6. What is the remainder when w(-2) is divided by 25?
0
Suppose -12*c - 25 + 385 = 0. Calculate the remainder when c is divided by 18.
12
Let b(y) = -19*y + 2. Let u be b(2). Let o = u + 53. Suppose 0*k - 88 = -3*k - 5*c, 2*k - 61 = -c. Calculate the remainder when k is divided by o.
14
Suppose -3*b + 222 = -3*l, 0 = 5*b - 0*l + 5*l - 390. Suppose z + 4*w - 43 = 0, w + b = 2*z - w. Let n = 11 + -3. What is the remainder when z is divided by n?
7
Let m = 47 + -34. Let o = 1960 - 1883. What is the remainder when o is divided by m?
12
Calculate the remainder when 112 is divided by (26 - 22/11) + 11.
7
Let y(w) = -3 - 18*w + 1 - 5*w**2 - 2*w**3 - 23*w + 46*w. What is the remainder when y(-4) is divided by 4?
2
Let v(k) be the third derivative of -k**4/24 + 5*k**3 - 2*k**2. Let h = -656 - -714. Calculate the remainder when h is divided by v(0).
28
Let n = 22 - 41. Let g = n + 29. Let r(w) = -w + 14. Calculate the remainder when 6 is divided by r(g).
2
Let t(m) = 6*m**2 - m + 3. Calculate the remainder when 4/(-16) + 189/4 is divided by t(2).
22
Let v(n) = 3*n**2 - 5*n - 62. What is the remainder when 227 is divided by v(-5)?
37
Let d = -1067 + 1147. Calculate the remainder when 636 is divided by d.
76
Suppose -30*u = -2321 - 1339. Calculate the remainder when u is divided by 42.
38
Let b = 4 + -4. Suppose -4*i = -b*i - 184. What is the remainder when (-5 + 8)/(6/i) is divided by 4?
3
Let f(p) = 6*p**2 + 2*p. Suppose -137 = -2*a - 25. What is the remainder when a is divided by f(-2)?
16
Let r(d) = 11*d + 1. Let f = 49 - 57. Let w = f + 18. What is the remainder when r(6) is divided by w?
7
Let t = 33 - 10. Let z = 35 - t. Calculate the remainder when 58 is divided by z.
10
Suppose -r = 3*r - 24. What is the remainder when 36/8*r/1 is divided by 14?
13
Let d = 29 + -34. Let x(k) = -k**2 - 8*k - 4. Calculate the remainder when 20 is divided by x(d).
9
Suppose -6*t - 51 = -243. Calculate the remainder when t is divided by 19.
13
Let h = 112 - 56. Let q be 80 - 7/(14/(-4)). Suppose -l + 0*j = -3*j - 10, 4*l - q = -2*j. What is the remainder when h is divided by l?
18
Suppose -2*n = c - 1, -1 = -3*c + 2. Let k(b) = 4*b + 20. Calculate the remainder when 30 is divided by k(n).
10
Suppose 4*z - 28 = -5*l, l - 42 = -4*z + 2. Let c = 36 - z. Calculate the remainder when 95 is divided by c.
23
Suppose 0 = 3*j + 29 - 11. Let i be (j/(-15))/((-2)/(-140)). Suppose 5*y - 65 = -5*s, y - 3*s - i = -s. Calculate the remainder when 68 is divided by y.
14
Suppose 4*v + 34 - 126 = 0. Let j(o) = -7*o**2 - 3. Let f be j(-3). What is the remainder when 13/(-3 - f/21) is divided by v?
22
Let n(c) be the third derivative of -c**5/60 - c**4/4 - c**3/3 - 5*c**2. Let f be n(-5). What is the remainder when 23 is divided by (-25)/(-2) + f/(-6)?
11
What is the remainder when 146 is divided by 2535/130 + (-3)/(-2)?
20
Suppose 59 + 41 = 10*a. Suppose 5*y = 2*m + 66, -2*y = -a*m + 6*m - 36. Calculate the remainder when 58 is divided by y.
10
Suppose 0 = q + 7 - 2. Let z = 11 + q. What is the remainder when 14 is divided by (-2)/(-6) - (-46)/z?
6
Let b(a) = -a**3 - 9*a**2 - 9*a - 4. Let n be b(-8). Let t be 0 + -3 - n/(-1). What is the remainder when 31 is divided by 2*(17/2)/t?
14
Suppose -715 = -l - 4*l. What is the remainder when l is divided by 37?
32
Suppose -9*m = -5*m - 12. Suppose j - 10 = -4*u, 0*u = -5*j - m*u + 101. What is the remainder when 42 is divided by j?
20
Let c = -12 - -13. Let q(a) = -a**3 + 1. Let g(y) = 5*y**3 - 8*y**2 + 8*y + 3. Let l(s) = c*g(s) + 4*q(s). What is the remainder when 55 is divided by l(7)?
13
Let m be 1/(4/12)*-7. Let z be ((-72)/m)/(6/126). Suppose -90 = -6*x + z. What is the remainder when x is divided by 15?
12
Let z(u) = u**3 + u**2 - 3*u + 4. Let m be z(-3). Let k = 2 - m. Let f(h) = h**2 - 2*h - 78. Calculate the remainder when k is divided by f(-8).
1
Let q(t) = t**3 - 4*t**2 - 3*t + 1. Let g be 22/99 + 43/9. Calculate the remainder when q(g) is divided by 7.
4
Let j(y) be the first derivative of 2*y**3 + 13*y - 1. What is the remainder when j(-4) is divided by 22?
21
Let i(h) = -5*h + 7. Suppose 2*j = 12 - 12. Suppose x = -x - w + 43, 4*x + 5*w - 95 = j. What is the remainder when i(-6) is divided by x?
17
Suppose -288 = -13*d + 11*d. Suppose -6*p - 18 = -d. What is the remainder when 60 is divided by p?
18
Suppose -1 = 3*t - 2*a, 12 - 4 = -5*t - 3*a. Calculate the remainder when 45 is divided by (-36)/t*-2*(-4)/12.
21
Suppose 4 = 4*n - 4. Suppose n*v + 148 = 4*v. Calculate the remainder when v is divided by 19.
17
Suppose -4*n = -1143 + 1023. What is the remainder when 58 is divided by n?
28
Let h = -35 - -48. What is the remainder when (-1 - 17)*8/(-6) is divided by h?
11
What is the remainder when 380 is divided by ((-19)/3 + 8)*33?
50
Let j(r) be the second derivative of -r**5/20 + 5*r**4/12 + 7*r**3/6 + 3*r**2/2 - 9*r. What is the remainder when 25 is divided by j(6)?
7
Let v(x) = 4*x**3 + x**2 + x - 3. Let w be v(3). Let k be w/45 - (-2)/5. Suppose -3*j = -0*j 